5 - 8/(-40). Let m be 1 - (v - -8)*-3. Let c = 24 + m. Is c composite?
False
Suppose 306*u = 327*u - 3963918. Is u a prime number?
False
Let t = -3085 - -6916. Is t a composite number?
True
Let k = 32477 - 16696. Is k prime?
False
Let f be -21*40/24*2/10. Let p(m) = -m**3 - 8*m**2 - 9*m - 12. Let b be p(f). Is (-3 - -4)/(b/2798) prime?
True
Suppose -39*k + 120 = -43*k. Let o = 38 + k. Suppose 2852 = -o*c + 12*c. Is c prime?
False
Let u(n) = -5*n**3 - 5*n**2 - 4*n + 7. Let s be u(-6). Let k = s - 218. Is k composite?
True
Is (-503092)/(-87)*9/4 composite?
True
Is (3/6*(3 + -18001))/((-29)/87) a prime number?
False
Suppose 2*g = 13*g + 33. Let j be (g + 1)*(-5175)/(-6). Let u = 2926 + j. Is u composite?
False
Let s(f) = 70*f**3 + 8*f**2 - 11*f + 14. Suppose 2*i + 22 = 4*c, 4*i + 17 = 2*c + 3. Is s(c) a composite number?
True
Let m(d) = 17*d**2 - d + 59. Suppose 7*q = 2*q - 2*j + 104, 0 = -5*q + j + 98. Suppose -29*h = -q*h - 207. Is m(h) a prime number?
True
Let p(x) = 12*x + x**3 + 2*x**2 + 4457 - 514 - 13*x. Is p(0) prime?
True
Let r be 27 - 1 - (5 + -5). Suppose -2*z - r = 4*f, -2*z - 3*z + 55 = -5*f. Is (-4)/(f/6)*(-3730)/(-30) prime?
True
Let r = 5 + 6. Suppose -5*b = r*b - 1104. Is b prime?
False
Suppose 4*q + 5*p - 134232 = 0, 25*q - 27*q + 4*p + 67142 = 0. Is q composite?
False
Let v = 1056 - 2382. Let l = v + 2581. Suppose 5*t - 10*t = -l. Is t a composite number?
False
Is 883467/18 + ((-22)/4 - (-26 - -19)) a prime number?
False
Let o = -1286 - -609. Let q = o - -1056. Is q a prime number?
True
Let x = 996 + -435. Let r = x + 88. Is r composite?
True
Let d(o) = 9*o + 81. Let b be d(-9). Suppose -4*a + 8 = b, -5*l - 4*a = -236252 + 32749. Is l prime?
True
Let h = 55164 - -64985. Is h a composite number?
True
Let v = 56354 - 27123. Is v a prime number?
True
Is (((-9095730)/12)/(-35))/((-2)/(-4)) composite?
False
Suppose -20*m + 10 = -10*m. Let v be 34/12 - m/(-6). Suppose -v*z = -415 - 218. Is z prime?
True
Let i(t) = -t**3 + 5*t**2 + 35*t - 104. Let m be i(-31). Let a = -15112 + m. Is a composite?
True
Suppose -5 + 3 = r - b, r = 2*b - 4. Suppose -7*m + 14*m - 12873 = r. Is m composite?
True
Let h = -1388833 + 2787228. Is h composite?
True
Let k(m) be the third derivative of -m**6/120 - m**5/60 + m**4/24 - 10*m**2. Let x be k(0). Suppose 0 = -x*o + 5*o - 1505. Is o a composite number?
True
Is 463694/8 + ((-11)/4 - 352/(-176)) prime?
False
Suppose -55 = -3*k + 35. Let r be (-40)/k*(17/(-2) - -1). Is r/25*10 - -1215 composite?
True
Suppose 11*t - 56176 = 12*t. Is (-9)/6*(t/12 - -2) a prime number?
True
Let v(h) = -3846*h + 121. Is v(-13) a prime number?
True
Let k(r) = 12*r - 105. Let x be k(9). Suppose -x*c - 6654 - 582 = -3*q, -5*q - c + 12054 = 0. Is q a prime number?
True
Let m(g) = -g**2 + 16*g + 32. Let b be m(18). Let u(l) = -6*l**3 + 6*l**2 - 9*l + 1. Is u(b) prime?
False
Let j = -10733 - -79986. Is j a composite number?
True
Suppose 7 = -3*x - 4*j - 0, -5 = -j. Is 6 + 3 + (x - -136303) a composite number?
False
Suppose -34*o + 4*o + 2324670 = 0. Is o composite?
False
Let s(f) = 12*f**2 + 6*f + 69. Let i be s(-8). Let a = i - -400. Is a composite?
True
Let w(p) = 5*p**3 - 2*p**2 - 4*p + 1. Let h be w(3). Suppose h = f - 28. Let d = f + -19. Is d a prime number?
False
Let y(t) = t**2 + 50. Let c be y(0). Suppose 4*i + 10 + c = 0. Is ((-6)/i)/(-1) - 27228/(-20) a composite number?
False
Suppose -29*v + 24*v + 6935 = 0. Let b = v + 894. Is b prime?
True
Suppose 247*f - 750744 = 235*f. Suppose -f = 628*x - 634*x. Is x a prime number?
True
Suppose 135*v + 147*v = 196*v + 86608966. Is v composite?
False
Suppose 0 = 3*s + 5*d - 2153664, 920*d = 924*d - 12. Is s prime?
True
Let s be (22/(-8))/(5/80). Let a = -38 - s. Is (313 + 1)/((a/3)/2) prime?
False
Suppose 5*c + 5*m - 63030 = 0, -50425 = 15*c - 19*c - 3*m. Let x = c - -1962. Is x a prime number?
False
Let d be 21550/18 - (3 + (-125)/45). Let n = d + 482. Is n a composite number?
True
Let b(c) = -3*c**3 + 34*c - 47. Let n be ((7 + -4)/(-3))/((-6)/(-108)). Is b(n) a composite number?
True
Let l(g) = g + 123. Let c be l(23). Suppose -154*m + 24872 = -c*m. Is m a composite number?
False
Suppose 2*n - 13*c = -14*c + 2838, 4*c - 1426 = -n. Suppose -2*t - n + 9304 = 0. Is t a prime number?
True
Let n be (((-14)/8)/(8/4448))/1. Let y = -599 - n. Suppose 5 - 379 = -2*k + 4*z, -2*k - 4*z = -y. Is k a composite number?
True
Let l(n) = 27*n + 294. Let s(y) = 13*y + 147. Let v(c) = 5*l(c) - 9*s(c). Is v(15) composite?
True
Let u(s) = -12*s - 36. Let d be u(-3). Suppose -25*v + 26*v - 22829 = d. Is v prime?
False
Suppose -2*b + 12*x = 8*x - 20616, -4*x = b - 10320. Suppose -31568 = -8*q - b. Is q a prime number?
True
Suppose -2*v - 3 = -3*f - 1, 5*v = -5*f + 20. Suppose -61 - 3271 = f*r. Is (-2)/3 + (r/(-6))/7 prime?
False
Let i = 120 - 75. Is (2186/3 + -4)/(6/i) a prime number?
False
Suppose -4*z - 5*o - 83 = 0, 7*z + 3*o + 39 = 5*z. Let m = z - 94. Let c = m - -158. Is c a prime number?
True
Suppose -2*b + 11866 = 4*f, 8*f = -b + 4*f + 5927. Let z = b + -1356. Is z prime?
True
Suppose -4*m + 188891 = -3*i, 5*i + 30 - 5 = 0. Is m prime?
False
Let m = 2063 - -53294. Suppose -3*r + 57 + 33156 = -2*c, 5*r - 4*c - m = 0. Is r composite?
False
Let k = -3462 - 12101. Let m = -10436 - k. Is m a composite number?
True
Let n(h) = -148*h - 16 - 3 - 1 - 69*h. Is n(-7) composite?
False
Let b = -60 + 65. Suppose b*f - 2*j = -0*j + 701, 4*f - 2*j - 560 = 0. Is f prime?
False
Suppose -43 = -12*w + 113. Let a = -9196 - -15940. Suppose w*r - a = 5*r. Is r a prime number?
False
Let w = -5979 + 17392. Is w a prime number?
False
Let p(m) = 8*m**2 - m. Let s be p(1). Let d be (28/12)/s*-669. Let c = 34 - d. Is c composite?
False
Let j = 30 + -26. Suppose 4*h = -5*b + 15497, j*h + 4181 - 19648 = b. Let a = -1079 + h. Is a a prime number?
True
Let b = 5 + -20. Let g be 460/b*(-42)/4. Suppose -g = 4*d - 7982. Is d a prime number?
False
Let r = 352 + -347. Suppose -r*p - 52318 = -138603. Is p a composite number?
False
Suppose -z - 73 = -82. Suppose z*y = 5*g + 11*y - 19081, 5*y = -g + 3807. Is g a composite number?
True
Is (-31 - -24)*(-28467)/21 prime?
False
Let i(b) = -2736*b**3 - 6*b**2 + 189*b + 584. Is i(-3) prime?
False
Let k = -4938 + 18227. Is k a prime number?
False
Let m = -568 + 1325. Suppose -k - 4*g = -2121, -5*g - m + 11287 = 5*k. Is k composite?
True
Suppose 390 = -19*j + 22*j. Let l = j + -86. Suppose s = 2*u + l + 75, -s + 4*u = -117. Is s composite?
True
Suppose -3*l - 210029 = l - 5*l. Is l a prime number?
False
Is 130598 + -3 + (-2 - -5) + -9 prime?
True
Suppose -27*s = -909756 - 1336833. Is s prime?
True
Suppose -5*a = -2*w + 995240, 152*a - 995220 = -2*w + 147*a. Is w a composite number?
True
Suppose -20*p + 58 = -42. Suppose -682 = -t + 5*c - 10*c, t - p*c = 652. Is t composite?
True
Let s = 26360 + -12968. Suppose -3*t = 4*f - 0*t - s, -4*f - 2*t = -13396. Is f a composite number?
True
Is 3295*(11/6 + 20/(-24) + 0) prime?
False
Suppose -2*i + 4*b = 10, -3*i + 4*b + 2 = 9. Suppose 0 = -3*u + 18 + i. Is 692 + u + (-6 - -2) prime?
False
Suppose -3*x - 2104 = -g, 4*x + 3350 = 2*g - 852. Suppose g = c + 4*d, -c - 4*d = 4*c - 10475. Is c a composite number?
True
Let t(h) = -15516*h + 613. Is t(-3) prime?
True
Let q(m) = -2*m**3 + 69*m**2 - 79*m + 71. Is q(30) prime?
True
Suppose -4*l + 5*g + 949 = 0, 0*l + 5*l + 3*g = 1140. Suppose -z + 3*w = -2630, -3*z - 2*w = l - 8110. Is z composite?
True
Let l(f) = -12*f + 72. Let m be l(6). Suppose -4*v - 7*j + 2*j + 33274 = 0, 4*v - 4*j - 33292 = m. Is v prime?
False
Suppose -3 = 25*h - 22*h, 3*n = -h + 477302. Is n composite?
True
Suppose -5*t - 4*f + 340205 = 0, 10*f = 5*t + 13*f - 340205. Is t composite?
False
Let m be (8*(-127)/(-6))/((-10)/(-15)). Suppose m = -48*r + 49*r. Is r a prime number?
False
Suppose 0 = 9*v - 22 - 14. Suppose 0 = -3*w + 2*d + 7727, 5*d = -5*w + v*d + 12900. Is w prime?
True
Suppose 5*o + 3*f = -27861, -3*o - 4*f - 16668 - 42 = 0. Let z = o - -9527. Is z a prime number?
False
Let n(m) = 249*m + 67. Let u be n(7). Is u/(-4)*(-7 - (-2 - 3)) composite?
True
Let q(x) = -x**3 - 86*x**2 - 190*x - 72. Is q(-87) prime?
False
Suppose -5*r - 3*l + 139613 = -4*r, 3*l = -5*r + 698089. Is r prime?
True
Suppose -5 = t + z + z, z = -t - 1. Suppo